[INFO] fetching crate orga 0.1.10...
[INFO] checking orga-0.1.10 against try#72f88fc4e9458f89516a0b8b0868f3718aec5b47 for pr-74989
[INFO] extracting crate orga 0.1.10 into /workspace/builds/worker-6/source
[INFO] validating manifest of crates.io crate orga 0.1.10 on toolchain 72f88fc4e9458f89516a0b8b0868f3718aec5b47
[INFO] running `Command { std: "/workspace/cargo-home/bin/cargo" "+72f88fc4e9458f89516a0b8b0868f3718aec5b47" "read-manifest" "--manifest-path" "Cargo.toml", kill_on_drop: false }`
[INFO] started tweaking crates.io crate orga 0.1.10
[INFO] removed 0 missing examples
[INFO] finished tweaking crates.io crate orga 0.1.10
[INFO] tweaked toml for crates.io crate orga 0.1.10 written to /workspace/builds/worker-6/source/Cargo.toml
[INFO] crate crates.io crate orga 0.1.10 already has a lockfile, it will not be regenerated
[INFO] running `Command { std: "/workspace/cargo-home/bin/cargo" "+72f88fc4e9458f89516a0b8b0868f3718aec5b47" "fetch" "--locked" "--manifest-path" "Cargo.toml", kill_on_drop: false }`
[INFO] [stderr]  Downloading crates ...
[INFO] [stderr]   Downloaded tinyvec v0.3.3
[INFO] [stderr]   Downloaded subtle v2.2.3
[INFO] [stderr]   Downloaded serde_bytes v0.11.5
[INFO] [stderr]   Downloaded input_buffer v0.3.1
[INFO] [stderr]   Downloaded jemallocator v0.3.2
[INFO] [stderr]   Downloaded parking v1.0.6
[INFO] [stderr]   Downloaded cc v1.0.58
[INFO] [stderr]   Downloaded sha-1 v0.8.2
[INFO] [stderr]   Downloaded atomic-waker v1.0.0
[INFO] [stderr]   Downloaded seq-macro v0.1.5
[INFO] [stderr]   Downloaded fastrand v1.3.3
[INFO] [stderr]   Downloaded ecdsa v0.6.1
[INFO] [stderr]   Downloaded jemalloc-sys v0.3.2
[INFO] [stderr]   Downloaded signature v1.1.0
[INFO] [stderr]   Downloaded hashbrown v0.8.1
[INFO] [stderr]   Downloaded tai64 v3.1.0
[INFO] [stderr]   Downloaded prost-amino v0.6.0
[INFO] [stderr]   Downloaded elliptic-curve v0.4.0
[INFO] [stderr]   Downloaded signatory v0.20.0
[INFO] [stderr]   Downloaded subtle-encoding v0.5.1
[INFO] [stderr]   Downloaded tendermint v0.15.0
[INFO] [stderr]   Downloaded tendermint-rpc v0.15.0
[INFO] [stderr]   Downloaded signatory-dalek v0.20.0
[INFO] [stderr]   Downloaded hyper v0.13.7
[INFO] [stderr]   Downloaded ed-derive v0.1.1
[INFO] [stderr]   Downloaded clang-sys v0.29.3
[INFO] [stderr]   Downloaded bindgen v0.53.3
[INFO] [stderr]   Downloaded cache-padded v1.1.1
[INFO] [stderr]   Downloaded event-listener v2.2.1
[INFO] [stderr]   Downloaded clear_on_drop v0.2.4
[INFO] [stderr]   Downloaded tracing-core v0.1.11
[INFO] [stderr]   Downloaded jobserver v0.1.21
[INFO] [stderr]   Downloaded rocksdb v0.14.0
[INFO] [stderr]   Downloaded protobuf v2.10.1
[INFO] [stderr]   Downloaded librocksdb-sys v6.7.4
[INFO] [stderr]   Downloaded blocking v0.4.7
[INFO] [stderr]   Downloaded serde_repr v0.1.6
[INFO] [stderr]   Downloaded futures-lite v0.1.10
[INFO] [stderr]   Downloaded fs_extra v1.1.0
[INFO] [stderr]   Downloaded async-channel v1.1.1
[INFO] [stderr]   Downloaded indexmap v1.5.0
[INFO] [stderr]   Downloaded concurrent-queue v1.1.2
[INFO] [stderr]   Downloaded abci2 v0.1.2
[INFO] [stderr]   Downloaded ed v0.1.3
[INFO] [stderr]   Downloaded prost-amino-derive v0.6.1
[INFO] [stderr]   Downloaded merk v1.0.0
[INFO] [stderr]   Downloaded tungstenite v0.10.1
[INFO] [stderr]   Downloaded ed25519 v1.0.1
[INFO] [stderr]   Downloaded curve25519-dalek v1.2.4
[INFO] [stderr]   Downloaded ed25519-dalek v1.0.0-pre.2
[INFO] [stderr]   Downloaded tracing v0.1.17
[INFO] [stderr]   Downloaded anomaly v0.2.0
[INFO] [stderr]   Downloaded generic-array v0.14.3
[INFO] [stderr]   Downloaded orga-macros v0.1.0
[INFO] [stderr]   Downloaded utf-8 v0.7.5
[INFO] [stderr]   Downloaded h2 v0.2.6
[INFO] [stderr]   Downloaded async-tungstenite v0.5.0
[INFO] running `Command { std: "docker" "create" "-v" "/var/lib/crater-agent-workspace/builds/worker-6/target:/opt/rustwide/target:rw,Z" "-v" "/var/lib/crater-agent-workspace/builds/worker-6/source:/opt/rustwide/workdir:ro,Z" "-v" "/var/lib/crater-agent-workspace/cargo-home:/opt/rustwide/cargo-home:ro,Z" "-v" "/var/lib/crater-agent-workspace/rustup-home:/opt/rustwide/rustup-home:ro,Z" "-e" "SOURCE_DIR=/opt/rustwide/workdir" "-e" "CARGO_TARGET_DIR=/opt/rustwide/target" "-e" "CARGO_HOME=/opt/rustwide/cargo-home" "-e" "RUSTUP_HOME=/opt/rustwide/rustup-home" "-w" "/opt/rustwide/workdir" "-m" "1610612736" "--user" "0:0" "--network" "none" "rustops/crates-build-env@sha256:d92eaeed33fa75130ca1ee6c8a01d1ffb62bac859dfdfb3450e3e5d1c0146529" "/opt/rustwide/cargo-home/bin/cargo" "+72f88fc4e9458f89516a0b8b0868f3718aec5b47" "metadata" "--no-deps" "--format-version=1", kill_on_drop: false }`
[INFO] [stdout] 6f33131b19a77a00b159a12faf84f2e077adb140dfe9bcf0ba881875ca948020
[INFO] [stderr] WARNING: Your kernel does not support swap limit capabilities or the cgroup is not mounted. Memory limited without swap.
[INFO] running `Command { std: "docker" "start" "-a" "6f33131b19a77a00b159a12faf84f2e077adb140dfe9bcf0ba881875ca948020", kill_on_drop: false }`
[INFO] running `Command { std: "docker" "inspect" "6f33131b19a77a00b159a12faf84f2e077adb140dfe9bcf0ba881875ca948020", kill_on_drop: false }`
[INFO] running `Command { std: "docker" "rm" "-f" "6f33131b19a77a00b159a12faf84f2e077adb140dfe9bcf0ba881875ca948020", kill_on_drop: false }`
[INFO] [stdout] 6f33131b19a77a00b159a12faf84f2e077adb140dfe9bcf0ba881875ca948020
[INFO] running `Command { std: "docker" "create" "-v" "/var/lib/crater-agent-workspace/builds/worker-6/target:/opt/rustwide/target:rw,Z" "-v" "/var/lib/crater-agent-workspace/builds/worker-6/source:/opt/rustwide/workdir:ro,Z" "-v" "/var/lib/crater-agent-workspace/cargo-home:/opt/rustwide/cargo-home:ro,Z" "-v" "/var/lib/crater-agent-workspace/rustup-home:/opt/rustwide/rustup-home:ro,Z" "-e" "SOURCE_DIR=/opt/rustwide/workdir" "-e" "CARGO_TARGET_DIR=/opt/rustwide/target" "-e" "CARGO_INCREMENTAL=0" "-e" "RUST_BACKTRACE=full" "-e" "RUSTFLAGS=--cap-lints=forbid" "-e" "CARGO_HOME=/opt/rustwide/cargo-home" "-e" "RUSTUP_HOME=/opt/rustwide/rustup-home" "-w" "/opt/rustwide/workdir" "-m" "1610612736" "--user" "0:0" "--network" "none" "rustops/crates-build-env@sha256:d92eaeed33fa75130ca1ee6c8a01d1ffb62bac859dfdfb3450e3e5d1c0146529" "/opt/rustwide/cargo-home/bin/cargo" "+72f88fc4e9458f89516a0b8b0868f3718aec5b47" "check" "--frozen" "--all" "--all-targets" "--message-format=json", kill_on_drop: false }`
[INFO] [stderr] WARNING: Your kernel does not support swap limit capabilities or the cgroup is not mounted. Memory limited without swap.
[INFO] [stdout] 57f52ebab3dbab7711e7d16ad839a4a767a3512e273acde3c48a3baee608d136
[INFO] running `Command { std: "docker" "start" "-a" "57f52ebab3dbab7711e7d16ad839a4a767a3512e273acde3c48a3baee608d136", kill_on_drop: false }`
[INFO] [stderr]    Compiling proc-macro2 v1.0.19
[INFO] [stderr]    Compiling unicode-xid v0.2.1
[INFO] [stderr]    Compiling syn v1.0.36
[INFO] [stderr]    Compiling libc v0.2.73
[INFO] [stderr]     Checking gimli v0.22.0
[INFO] [stderr]     Checking cfg-if v0.1.10
[INFO] [stderr]     Checking adler v0.2.3
[INFO] [stderr]    Compiling memchr v2.3.3
[INFO] [stderr]     Checking futures-core v0.3.5
[INFO] [stderr]     Checking object v0.20.0
[INFO] [stderr]     Checking rustc-demangle v0.1.16
[INFO] [stderr]     Checking cache-padded v1.1.1
[INFO] [stderr]     Checking pin-project-lite v0.1.7
[INFO] [stderr]     Checking event-listener v2.2.1
[INFO] [stderr]    Compiling seq-macro v0.1.5
[INFO] [stderr]     Checking concurrent-queue v1.1.2
[INFO] [stderr]     Checking log v0.4.11
[INFO] [stderr]     Checking miniz_oxide v0.4.0
[INFO] [stderr]     Checking async-channel v1.1.1
[INFO] [stderr]     Checking futures-lite v0.1.10
[INFO] [stderr]    Compiling quote v1.0.7
[INFO] [stderr]     Checking blocking v0.4.7
[INFO] [stderr]     Checking addr2line v0.13.0
[INFO] [stderr]     Checking backtrace v0.3.50
[INFO] [stderr]    Compiling synstructure v0.12.4
[INFO] [stderr]    Compiling failure_derive v0.1.8
[INFO] [stderr]    Compiling ed-derive v0.1.1
[INFO] [stderr]    Compiling orga-macros v0.1.0
[INFO] [stderr]     Checking failure v0.1.8
[INFO] [stderr]     Checking ed v0.1.3
[INFO] [stderr]     Checking orga v0.1.10 (/opt/rustwide/workdir)
[INFO] [stdout] warning: unused doc comment
[INFO] [stdout]    --> src/collections/deque.rs:185:5
[INFO] [stdout]     |
[INFO] [stdout] 185 |     /// TODO: 0 should be (u64::MAX / 2) so elements can be prepended
[INFO] [stdout]     |     ^^^^^^^^^^^^^^^^^^^^^^^^^^^^^^^^^^^^^^^^^^^^^^^^^^^^^^^^^^^^^^^^^
[INFO] [stdout] 186 |     index.to_be_bytes()
[INFO] [stdout]     |     ------------------- rustdoc does not generate documentation for expressions
[INFO] [stdout]     |
[INFO] [stdout]     = note: `#[warn(unused_doc_comments)]` on by default
[INFO] [stdout] 
[INFO] [stdout] 
[INFO] [stdout] warning: unused doc comment
[INFO] [stdout]    --> src/collections/deque.rs:185:5
[INFO] [stdout]     |
[INFO] [stdout] 185 |     /// TODO: 0 should be (u64::MAX / 2) so elements can be prepended
[INFO] [stdout]     |     ^^^^^^^^^^^^^^^^^^^^^^^^^^^^^^^^^^^^^^^^^^^^^^^^^^^^^^^^^^^^^^^^^
[INFO] [stdout] 186 |     index.to_be_bytes()
[INFO] [stdout]     |     ------------------- rustdoc does not generate documentation for expressions
[INFO] [stdout]     |
[INFO] [stdout]     = note: `#[warn(unused_doc_comments)]` on by default
[INFO] [stdout] 
[INFO] [stdout] 
[INFO] [stdout] warning: 1 warning emitted
[INFO] [stdout] 
[INFO] [stdout] 
[INFO] [stdout] error[E0412]: cannot find type `Prefixed` in crate `orga`
[INFO] [stdout]  --> tests/state_attr.rs:7:1
[INFO] [stdout]   |
[INFO] [stdout] 7 | #[state]
[INFO] [stdout]   | ^^^^^^^^ not found in `orga`
[INFO] [stdout]   |
[INFO] [stdout]   = note: this error originates in an attribute macro (in Nightly builds, run with -Z macro-backtrace for more info)
[INFO] [stdout] help: consider importing this struct
[INFO] [stdout]   |
[INFO] [stdout] 1 | use orga::store::Prefixed;
[INFO] [stdout]   |
[INFO] [stdout] 
[INFO] [stdout] 
[INFO] [stdout] error[E0412]: cannot find type `Shared` in crate `orga`
[INFO] [stdout]  --> tests/state_attr.rs:7:1
[INFO] [stdout]   |
[INFO] [stdout] 7 | #[state]
[INFO] [stdout]   | ^^^^^^^^ not found in `orga`
[INFO] [stdout]   |
[INFO] [stdout]   = note: this error originates in an attribute macro (in Nightly builds, run with -Z macro-backtrace for more info)
[INFO] [stdout] help: consider importing this struct
[INFO] [stdout]   |
[INFO] [stdout] 1 | use orga::store::Shared;
[INFO] [stdout]   |
[INFO] [stdout] 
[INFO] [stdout] 
[INFO] [stdout] error[E0405]: cannot find trait `State` in crate `orga`
[INFO] [stdout]  --> tests/state_attr.rs:7:1
[INFO] [stdout]   |
[INFO] [stdout] 7 | #[state]
[INFO] [stdout]   | ^^^^^^^^ not found in `orga`
[INFO] [stdout]   |
[INFO] [stdout]   = note: this error originates in an attribute macro (in Nightly builds, run with -Z macro-backtrace for more info)
[INFO] [stdout] help: consider importing this trait
[INFO] [stdout]   |
[INFO] [stdout] 1 | use orga::state::State;
[INFO] [stdout]   |
[INFO] [stdout] 
[INFO] [stdout] 
[INFO] [stdout] error[E0433]: failed to resolve: could not find `Splitter` in `orga`
[INFO] [stdout]  --> tests/state_attr.rs:7:1
[INFO] [stdout]   |
[INFO] [stdout] 7 | #[state]
[INFO] [stdout]   | ^^^^^^^^ not found in `orga`
[INFO] [stdout]   |
[INFO] [stdout]   = note: this error originates in an attribute macro (in Nightly builds, run with -Z macro-backtrace for more info)
[INFO] [stdout] help: consider importing this struct
[INFO] [stdout]   |
[INFO] [stdout] 1 | use orga::store::Splitter;
[INFO] [stdout]   |
[INFO] [stdout] 
[INFO] [stdout] 
[INFO] [stdout] error[E0412]: cannot find type `Prefixed` in crate `orga`
[INFO] [stdout]   --> tests/state_attr.rs:13:1
[INFO] [stdout]    |
[INFO] [stdout] 13 | #[state]
[INFO] [stdout]    | ^^^^^^^^ not found in `orga`
[INFO] [stdout]    |
[INFO] [stdout]    = note: this error originates in an attribute macro (in Nightly builds, run with -Z macro-backtrace for more info)
[INFO] [stdout] help: consider importing this struct
[INFO] [stdout]    |
[INFO] [stdout] 1  | use orga::store::Prefixed;
[INFO] [stdout]    |
[INFO] [stdout] 
[INFO] [stdout] 
[INFO] [stdout] error[E0412]: cannot find type `Shared` in crate `orga`
[INFO] [stdout]   --> tests/state_attr.rs:13:1
[INFO] [stdout]    |
[INFO] [stdout] 13 | #[state]
[INFO] [stdout]    | ^^^^^^^^ not found in `orga`
[INFO] [stdout]    |
[INFO] [stdout]    = note: this error originates in an attribute macro (in Nightly builds, run with -Z macro-backtrace for more info)
[INFO] [stdout] help: consider importing this struct
[INFO] [stdout]    |
[INFO] [stdout] 1  | use orga::store::Shared;
[INFO] [stdout]    |
[INFO] [stdout] 
[INFO] [stdout] 
[INFO] [stdout] error[E0405]: cannot find trait `State` in crate `orga`
[INFO] [stdout]   --> tests/state_attr.rs:13:1
[INFO] [stdout]    |
[INFO] [stdout] 13 | #[state]
[INFO] [stdout]    | ^^^^^^^^ not found in `orga`
[INFO] [stdout]    |
[INFO] [stdout]    = note: this error originates in an attribute macro (in Nightly builds, run with -Z macro-backtrace for more info)
[INFO] [stdout] help: consider importing this trait
[INFO] [stdout]    |
[INFO] [stdout] 1  | use orga::state::State;
[INFO] [stdout]    |
[INFO] [stdout] 
[INFO] [stdout] 
[INFO] [stdout] error[E0433]: failed to resolve: could not find `Splitter` in `orga`
[INFO] [stdout]   --> tests/state_attr.rs:13:1
[INFO] [stdout]    |
[INFO] [stdout] 13 | #[state]
[INFO] [stdout]    | ^^^^^^^^ not found in `orga`
[INFO] [stdout]    |
[INFO] [stdout]    = note: this error originates in an attribute macro (in Nightly builds, run with -Z macro-backtrace for more info)
[INFO] [stdout] help: consider importing this struct
[INFO] [stdout]    |
[INFO] [stdout] 1  | use orga::store::Splitter;
[INFO] [stdout]    |
[INFO] [stdout] 
[INFO] [stdout] 
[INFO] [stdout] error: aborting due to 8 previous errors
[INFO] [stdout] 
[INFO] [stdout] 
[INFO] [stdout] Some errors have detailed explanations: E0405, E0412, E0433.
[INFO] [stdout] 
[INFO] [stdout] For more information about an error, try `rustc --explain E0405`.
[INFO] [stdout] 
[INFO] [stderr] error: could not compile `orga`.
[INFO] [stderr] 
[INFO] [stderr] To learn more, run the command again with --verbose.
[INFO] [stderr] warning: build failed, waiting for other jobs to finish...
[INFO] [stdout] warning: 1 warning emitted
[INFO] [stdout] 
[INFO] [stdout] 
[INFO] [stderr] error: build failed
[INFO] running `Command { std: "docker" "inspect" "57f52ebab3dbab7711e7d16ad839a4a767a3512e273acde3c48a3baee608d136", kill_on_drop: false }`
[INFO] running `Command { std: "docker" "rm" "-f" "57f52ebab3dbab7711e7d16ad839a4a767a3512e273acde3c48a3baee608d136", kill_on_drop: false }`
[INFO] [stdout] 57f52ebab3dbab7711e7d16ad839a4a767a3512e273acde3c48a3baee608d136
